[INFO] cloning repository https://github.com/Steve-xmh/wotb
[INFO] running `Command { std: "git" "-c" "credential.helper=" "-c" "credential.helper=/workspace/cargo-home/bin/git-credential-null" "clone" "--bare" "https://github.com/Steve-xmh/wotb" "/workspace/cache/git-repos/https%3A%2F%2Fgithub.com%2FSteve-xmh%2Fwotb", kill_on_drop: false }`
[INFO] [stderr] Cloning into bare repository '/workspace/cache/git-repos/https%3A%2F%2Fgithub.com%2FSteve-xmh%2Fwotb'...
[INFO] running `Command { std: "git" "rev-parse" "HEAD", kill_on_drop: false }`
[INFO] [stdout] 409764cb496311b32aad45b290a4213de015cfdb
[INFO] checking Steve-xmh/wotb against master#9610dfe5a9a731ced1ea4923ecbd0c57fe367898 for beta-170-4
[INFO] running `Command { std: "git" "clone" "/workspace/cache/git-repos/https%3A%2F%2Fgithub.com%2FSteve-xmh%2Fwotb" "/workspace/builds/worker-4-tc1/source", kill_on_drop: false }`
[INFO] [stderr] Cloning into '/workspace/builds/worker-4-tc1/source'...
[INFO] [stderr] done.
[INFO] validating manifest of git repo https://github.com/Steve-xmh/wotb on toolchain 9610dfe5a9a731ced1ea4923ecbd0c57fe367898
[INFO] running `Command { std: CARGO_HOME="/workspace/cargo-home" RUSTUP_HOME="/workspace/rustup-home" "/workspace/cargo-home/bin/cargo" "+9610dfe5a9a731ced1ea4923ecbd0c57fe367898" "metadata" "--manifest-path" "Cargo.toml" "--no-deps", kill_on_drop: false }`
[INFO] started tweaking git repo https://github.com/Steve-xmh/wotb
[INFO] finished tweaking git repo https://github.com/Steve-xmh/wotb
[INFO] tweaked toml for git repo https://github.com/Steve-xmh/wotb written to /workspace/builds/worker-4-tc1/source/Cargo.toml
[INFO] crate git repo https://github.com/Steve-xmh/wotb already has a lockfile, it will not be regenerated
[INFO] running `Command { std: CARGO_HOME="/workspace/cargo-home" RUSTUP_HOME="/workspace/rustup-home" "/workspace/cargo-home/bin/cargo" "+9610dfe5a9a731ced1ea4923ecbd0c57fe367898" "fetch" "--manifest-path" "Cargo.toml", kill_on_drop: false }`
[INFO] [stderr]     Updating crates.io index
[INFO] [stderr]  Downloading crates ...
[INFO] [stderr]   Downloaded mlua v0.7.3
[INFO] [stderr]   Downloaded lua-src v543.0.0
[INFO] [stderr]   Downloaded luajit-src v210.3.2+resty1085a4d
[INFO] running `Command { std: "docker" "create" "-v" "/var/lib/crater-agent-workspace/builds/worker-4-tc1/target:/opt/rustwide/target:rw,Z" "-v" "/var/lib/crater-agent-workspace/builds/worker-4-tc1/source:/opt/rustwide/workdir:ro,Z" "-v" "/var/lib/crater-agent-workspace/cargo-home:/opt/rustwide/cargo-home:ro,Z" "-v" "/var/lib/crater-agent-workspace/rustup-home:/opt/rustwide/rustup-home:ro,Z" "-e" "SOURCE_DIR=/opt/rustwide/workdir" "-e" "CARGO_TARGET_DIR=/opt/rustwide/target" "-e" "CARGO_HOME=/opt/rustwide/cargo-home" "-e" "RUSTUP_HOME=/opt/rustwide/rustup-home" "-w" "/opt/rustwide/workdir" "-m" "1610612736" "--user" "0:0" "--network" "none" "ghcr.io/rust-lang/crates-build-env/linux@sha256:19e73879b68f455e41552ea35293514db52ea292d993f571636dbffedb77a1ee" "/opt/rustwide/cargo-home/bin/cargo" "+9610dfe5a9a731ced1ea4923ecbd0c57fe367898" "metadata" "--no-deps" "--format-version=1", kill_on_drop: false }`
[INFO] [stdout] 7d4902ed66e69afe24b730c1e1d420a29bf4952baf0eb8ad8fa99e8ea61335ca
[INFO] running `Command { std: "docker" "start" "-a" "7d4902ed66e69afe24b730c1e1d420a29bf4952baf0eb8ad8fa99e8ea61335ca", kill_on_drop: false }`
[INFO] running `Command { std: "docker" "inspect" "7d4902ed66e69afe24b730c1e1d420a29bf4952baf0eb8ad8fa99e8ea61335ca", kill_on_drop: false }`
[INFO] running `Command { std: "docker" "rm" "-f" "7d4902ed66e69afe24b730c1e1d420a29bf4952baf0eb8ad8fa99e8ea61335ca", kill_on_drop: false }`
[INFO] [stdout] 7d4902ed66e69afe24b730c1e1d420a29bf4952baf0eb8ad8fa99e8ea61335ca
[INFO] running `Command { std: "docker" "create" "-v" "/var/lib/crater-agent-workspace/builds/worker-4-tc1/target:/opt/rustwide/target:rw,Z" "-v" "/var/lib/crater-agent-workspace/builds/worker-4-tc1/source:/opt/rustwide/workdir:ro,Z" "-v" "/var/lib/crater-agent-workspace/cargo-home:/opt/rustwide/cargo-home:ro,Z" "-v" "/var/lib/crater-agent-workspace/rustup-home:/opt/rustwide/rustup-home:ro,Z" "-e" "SOURCE_DIR=/opt/rustwide/workdir" "-e" "CARGO_TARGET_DIR=/opt/rustwide/target" "-e" "CARGO_INCREMENTAL=0" "-e" "RUST_BACKTRACE=full" "-e" "RUSTFLAGS=--cap-lints=forbid" "-e" "RUSTDOCFLAGS=--cap-lints=forbid" "-e" "CARGO_HOME=/opt/rustwide/cargo-home" "-e" "RUSTUP_HOME=/opt/rustwide/rustup-home" "-w" "/opt/rustwide/workdir" "-m" "1610612736" "--user" "0:0" "--network" "none" "ghcr.io/rust-lang/crates-build-env/linux@sha256:19e73879b68f455e41552ea35293514db52ea292d993f571636dbffedb77a1ee" "/opt/rustwide/cargo-home/bin/cargo" "+9610dfe5a9a731ced1ea4923ecbd0c57fe367898" "check" "--frozen" "--all" "--all-targets" "--message-format=json", kill_on_drop: false }`
[INFO] [stdout] a997f7723990fedc6b741e2b26d2ab513eae992a95b5ce9911551ab309932e1f
[INFO] running `Command { std: "docker" "start" "-a" "a997f7723990fedc6b741e2b26d2ab513eae992a95b5ce9911551ab309932e1f", kill_on_drop: false }`
[INFO] [stderr]    Compiling cc v1.0.68
[INFO] [stderr]    Compiling syn v1.0.73
[INFO] [stderr]    Compiling serde_derive v1.0.126
[INFO] [stderr]    Compiling memchr v2.4.0
[INFO] [stderr]    Compiling serde v1.0.126
[INFO] [stderr]    Compiling serde_json v1.0.64
[INFO] [stderr]     Checking itoa v0.4.7
[INFO] [stderr]     Checking once_cell v1.8.0
[INFO] [stderr]    Compiling luajit-src v210.3.2+resty1085a4d
[INFO] [stderr]    Compiling lua-src v543.0.0
[INFO] [stderr]     Checking bstr v0.2.16
[INFO] [stderr]    Compiling mlua v0.7.3
[INFO] [stderr]     Checking wotb v0.1.0 (/opt/rustwide/workdir)
[INFO] [stdout] error[E0433]: failed to resolve: use of undeclared crate or module `winapi`
[INFO] [stdout]  --> src/main.rs:4:5
[INFO] [stdout]   |
[INFO] [stdout] 4 | use winapi::{
[INFO] [stdout]   |     ^^^^^^ use of undeclared crate or module `winapi`
[INFO] [stdout] 
[INFO] [stdout] 
[INFO] [stdout] error[E0432]: unresolved imports `winapi::shared::minwindef::*`, `winapi::shared::windef::*`, `winapi::um::winuser::*`
[INFO] [stdout]  --> src/main.rs:5:14
[INFO] [stdout]   |
[INFO] [stdout] 5 |     shared::{minwindef::*, windef::*},
[INFO] [stdout]   |              ^^^^^^^^^^^^  ^^^^^^^^^
[INFO] [stdout] 6 |     um::winuser::*,
[INFO] [stdout]   |     ^^^^^^^^^^^^^^
[INFO] [stdout] 
[INFO] [stdout] 
[INFO] [stdout] error[E0433]: failed to resolve: use of undeclared crate or module `winapi`
[INFO] [stdout]  --> src/main.rs:4:5
[INFO] [stdout]   |
[INFO] [stdout] 4 | use winapi::{
[INFO] [stdout]   |     ^^^^^^ use of undeclared crate or module `winapi`
[INFO] [stdout] 
[INFO] [stdout] 
[INFO] [stdout] error[E0432]: unresolved imports `winapi::shared::minwindef::*`, `winapi::shared::windef::*`, `winapi::um::winuser::*`
[INFO] [stdout]  --> src/main.rs:5:14
[INFO] [stdout]   |
[INFO] [stdout] 5 |     shared::{minwindef::*, windef::*},
[INFO] [stdout]   |              ^^^^^^^^^^^^  ^^^^^^^^^
[INFO] [stdout] 6 |     um::winuser::*,
[INFO] [stdout]   |     ^^^^^^^^^^^^^^
[INFO] [stdout] 
[INFO] [stdout] 
[INFO] [stdout] error[E0412]: cannot find type `HWND` in this scope
[INFO] [stdout]   --> src/main.rs:12:18
[INFO] [stdout]    |
[INFO] [stdout] 12 |     windows: Vec<HWND>,
[INFO] [stdout]    |                  ^^^^ not found in this scope
[INFO] [stdout]    |
[INFO] [stdout] help: you might be missing a type parameter
[INFO] [stdout]    |
[INFO] [stdout] 10 | struct EnumParam<HWND> {
[INFO] [stdout]    |                 ++++++
[INFO] [stdout] 
[INFO] [stdout] 
[INFO] [stdout] error[E0412]: cannot find type `HWND` in this scope
[INFO] [stdout]   --> src/main.rs:28:36
[INFO] [stdout]    |
[INFO] [stdout] 28 | extern "system" fn enum_proc(hwnd: HWND, lparam: LPARAM) -> BOOL {
[INFO] [stdout]    |                                    ^^^^ not found in this scope
[INFO] [stdout] 
[INFO] [stdout] 
[INFO] [stdout] error[E0412]: cannot find type `LPARAM` in this scope
[INFO] [stdout]   --> src/main.rs:28:50
[INFO] [stdout]    |
[INFO] [stdout] 28 | extern "system" fn enum_proc(hwnd: HWND, lparam: LPARAM) -> BOOL {
[INFO] [stdout]    |                                                  ^^^^^^ not found in this scope
[INFO] [stdout] 
[INFO] [stdout] 
[INFO] [stdout] error[E0412]: cannot find type `BOOL` in this scope
[INFO] [stdout]   --> src/main.rs:28:61
[INFO] [stdout]    |
[INFO] [stdout] 28 | extern "system" fn enum_proc(hwnd: HWND, lparam: LPARAM) -> BOOL {
[INFO] [stdout]    |                                                             ^^^^ help: a builtin type with a similar name exists: `bool`
[INFO] [stdout] 
[INFO] [stdout] 
[INFO] [stdout] error[E0412]: cannot find type `HWND` in this scope
[INFO] [stdout]   --> src/main.rs:40:26
[INFO] [stdout]    |
[INFO] [stdout] 40 | fn get_window_long(hwnd: HWND, n_index: i32) -> i32 {
[INFO] [stdout]    |                          ^^^^ not found in this scope
[INFO] [stdout] 
[INFO] [stdout] 
[INFO] [stdout] error[E0412]: cannot find type `HWND` in this scope
[INFO] [stdout]   --> src/main.rs:46:27
[INFO] [stdout]    |
[INFO] [stdout] 46 | fn get_windows_name(hwnd: HWND) -> String {
[INFO] [stdout]    |                           ^^^^ not found in this scope
[INFO] [stdout] 
[INFO] [stdout] 
[INFO] [stdout] error[E0412]: cannot find type `HWND` in this scope
[INFO] [stdout]   --> src/main.rs:55:45
[INFO] [stdout]    |
[INFO] [stdout] 55 | fn list_windows_by_process(pid: u32) -> Vec<HWND> {
[INFO] [stdout]    |                                             ^^^^ not found in this scope
[INFO] [stdout]    |
[INFO] [stdout] help: you might be missing a type parameter
[INFO] [stdout]    |
[INFO] [stdout] 55 | fn list_windows_by_process<HWND>(pid: u32) -> Vec<HWND> {
[INFO] [stdout]    |                           ++++++
[INFO] [stdout] 
[INFO] [stdout] 
[INFO] [stdout] error[E0412]: cannot find type `LPARAM` in this scope
[INFO] [stdout]   --> src/main.rs:61:67
[INFO] [stdout]    |
[INFO] [stdout] 61 |         EnumWindows(Some(enum_proc), &mut enum_param as *mut _ as LPARAM);
[INFO] [stdout]    |                                                                   ^^^^^^ not found in this scope
[INFO] [stdout] 
[INFO] [stdout] 
[INFO] [stdout] error[E0412]: cannot find type `HWND` in this scope
[INFO] [stdout]   --> src/main.rs:66:26
[INFO] [stdout]    |
[INFO] [stdout] 66 | fn get_window_size(hwnd: HWND) -> (u32, u32, i32, i32) {
[INFO] [stdout]    |                          ^^^^ not found in this scope
[INFO] [stdout] 
[INFO] [stdout] 
[INFO] [stdout] error[E0425]: cannot find value `GWL_STYLE` in this scope
[INFO] [stdout]    --> src/main.rs:103:47
[INFO] [stdout]     |
[INFO] [stdout] 103 |             t.set("style", get_window_long(a, GWL_STYLE)).unwrap();
[INFO] [stdout]     |                                               ^^^^^^^^^ not found in this scope
[INFO] [stdout] 
[INFO] [stdout] 
[INFO] [stdout] error[E0412]: cannot find type `HWND` in this scope
[INFO] [stdout]   --> src/main.rs:12:18
[INFO] [stdout]    |
[INFO] [stdout] 12 |     windows: Vec<HWND>,
[INFO] [stdout]    |                  ^^^^ not found in this scope
[INFO] [stdout]    |
[INFO] [stdout] help: you might be missing a type parameter
[INFO] [stdout]    |
[INFO] [stdout] 10 | struct EnumParam<HWND> {
[INFO] [stdout]    |                 ++++++
[INFO] [stdout] 
[INFO] [stdout] 
[INFO] [stdout] error[E0425]: cannot find value `GWL_EXSTYLE` in this scope
[INFO] [stdout]    --> src/main.rs:104:49
[INFO] [stdout]     |
[INFO] [stdout] 104 |             t.set("exstyle", get_window_long(a, GWL_EXSTYLE)).unwrap();
[INFO] [stdout]     |                                                 ^^^^^^^^^^^ not found in this scope
[INFO] [stdout] 
[INFO] [stdout] 
[INFO] [stdout] error[E0412]: cannot find type `HWND` in this scope
[INFO] [stdout]   --> src/main.rs:28:36
[INFO] [stdout]    |
[INFO] [stdout] 28 | extern "system" fn enum_proc(hwnd: HWND, lparam: LPARAM) -> BOOL {
[INFO] [stdout]    |                                    ^^^^ not found in this scope
[INFO] [stdout] 
[INFO] [stdout] 
[INFO] [stdout] error[E0412]: cannot find type `LPARAM` in this scope
[INFO] [stdout]   --> src/main.rs:28:50
[INFO] [stdout]    |
[INFO] [stdout] 28 | extern "system" fn enum_proc(hwnd: HWND, lparam: LPARAM) -> BOOL {
[INFO] [stdout]    |                                                  ^^^^^^ not found in this scope
[INFO] [stdout] 
[INFO] [stdout] 
[INFO] [stdout] error[E0412]: cannot find type `BOOL` in this scope
[INFO] [stdout]   --> src/main.rs:28:61
[INFO] [stdout]    |
[INFO] [stdout] 28 | extern "system" fn enum_proc(hwnd: HWND, lparam: LPARAM) -> BOOL {
[INFO] [stdout]    |                                                             ^^^^ help: a builtin type with a similar name exists: `bool`
[INFO] [stdout] 
[INFO] [stdout] 
[INFO] [stdout] error[E0412]: cannot find type `HWND` in this scope
[INFO] [stdout]   --> src/main.rs:40:26
[INFO] [stdout]    |
[INFO] [stdout] 40 | fn get_window_long(hwnd: HWND, n_index: i32) -> i32 {
[INFO] [stdout]    |                          ^^^^ not found in this scope
[INFO] [stdout] 
[INFO] [stdout] 
[INFO] [stdout] error[E0412]: cannot find type `HWND` in this scope
[INFO] [stdout]   --> src/main.rs:46:27
[INFO] [stdout]    |
[INFO] [stdout] 46 | fn get_windows_name(hwnd: HWND) -> String {
[INFO] [stdout]    |                           ^^^^ not found in this scope
[INFO] [stdout] 
[INFO] [stdout] 
[INFO] [stdout] error[E0412]: cannot find type `HWND` in this scope
[INFO] [stdout]   --> src/main.rs:55:45
[INFO] [stdout]    |
[INFO] [stdout] 55 | fn list_windows_by_process(pid: u32) -> Vec<HWND> {
[INFO] [stdout]    |                                             ^^^^ not found in this scope
[INFO] [stdout]    |
[INFO] [stdout] help: you might be missing a type parameter
[INFO] [stdout]    |
[INFO] [stdout] 55 | fn list_windows_by_process<HWND>(pid: u32) -> Vec<HWND> {
[INFO] [stdout]    |                           ++++++
[INFO] [stdout] 
[INFO] [stdout] 
[INFO] [stdout] error[E0412]: cannot find type `LPARAM` in this scope
[INFO] [stdout]   --> src/main.rs:61:67
[INFO] [stdout]    |
[INFO] [stdout] 61 |         EnumWindows(Some(enum_proc), &mut enum_param as *mut _ as LPARAM);
[INFO] [stdout]    |                                                                   ^^^^^^ not found in this scope
[INFO] [stdout] 
[INFO] [stdout] 
[INFO] [stdout] error[E0412]: cannot find type `HWND` in this scope
[INFO] [stdout]   --> src/main.rs:66:26
[INFO] [stdout]    |
[INFO] [stdout] 66 | fn get_window_size(hwnd: HWND) -> (u32, u32, i32, i32) {
[INFO] [stdout]    |                          ^^^^ not found in this scope
[INFO] [stdout] 
[INFO] [stdout] 
[INFO] [stdout] error[E0425]: cannot find value `GWL_STYLE` in this scope
[INFO] [stdout]    --> src/main.rs:103:47
[INFO] [stdout]     |
[INFO] [stdout] 103 |             t.set("style", get_window_long(a, GWL_STYLE)).unwrap();
[INFO] [stdout]     |                                               ^^^^^^^^^ not found in this scope
[INFO] [stdout] 
[INFO] [stdout] 
[INFO] [stdout] error[E0425]: cannot find value `GWL_EXSTYLE` in this scope
[INFO] [stdout]    --> src/main.rs:104:49
[INFO] [stdout]     |
[INFO] [stdout] 104 |             t.set("exstyle", get_window_long(a, GWL_EXSTYLE)).unwrap();
[INFO] [stdout]     |                                                 ^^^^^^^^^^^ not found in this scope
[INFO] [stdout] 
[INFO] [stdout] 
[INFO] [stdout] error[E0425]: cannot find function, tuple struct or tuple variant `GetWindowThreadProcessId` in this scope
[INFO] [stdout]   --> src/main.rs:32:9
[INFO] [stdout]    |
[INFO] [stdout] 32 |         GetWindowThreadProcessId(hwnd, &mut wpid as *mut u32);
[INFO] [stdout]    |         ^^^^^^^^^^^^^^^^^^^^^^^^ not found in this scope
[INFO] [stdout] 
[INFO] [stdout] 
[INFO] [stdout] error[E0425]: cannot find function, tuple struct or tuple variant `GetWindowThreadProcessId` in this scope
[INFO] [stdout]   --> src/main.rs:32:9
[INFO] [stdout]    |
[INFO] [stdout] 32 |         GetWindowThreadProcessId(hwnd, &mut wpid as *mut u32);
[INFO] [stdout]    |         ^^^^^^^^^^^^^^^^^^^^^^^^ not found in this scope
[INFO] [stdout] 
[INFO] [stdout] 
[INFO] [stdout] error[E0425]: cannot find function, tuple struct or tuple variant `GetWindowLongW` in this scope
[INFO] [stdout]   --> src/main.rs:42:9
[INFO] [stdout]    |
[INFO] [stdout] 42 |         GetWindowLongW(hwnd, n_index)
[INFO] [stdout]    |         ^^^^^^^^^^^^^^ not found in this scope
[INFO] [stdout] 
[INFO] [stdout] 
[INFO] [stdout] error[E0425]: cannot find function, tuple struct or tuple variant `GetWindowLongW` in this scope
[INFO] [stdout]   --> src/main.rs:42:9
[INFO] [stdout]    |
[INFO] [stdout] 42 |         GetWindowLongW(hwnd, n_index)
[INFO] [stdout]    |         ^^^^^^^^^^^^^^ not found in this scope
[INFO] [stdout] 
[INFO] [stdout] 
[INFO] [stdout] error[E0425]: cannot find function, tuple struct or tuple variant `GetWindowTextW` in this scope
[INFO] [stdout]   --> src/main.rs:49:19
[INFO] [stdout]    |
[INFO] [stdout] 49 |         let len = GetWindowTextW(hwnd, result.as_mut_ptr(), result.capacity() as _);
[INFO] [stdout]    |                   ^^^^^^^^^^^^^^ not found in this scope
[INFO] [stdout] 
[INFO] [stdout] 
[INFO] [stdout] error[E0425]: cannot find function, tuple struct or tuple variant `GetWindowTextW` in this scope
[INFO] [stdout]   --> src/main.rs:49:19
[INFO] [stdout]    |
[INFO] [stdout] 49 |         let len = GetWindowTextW(hwnd, result.as_mut_ptr(), result.capacity() as _);
[INFO] [stdout]    |                   ^^^^^^^^^^^^^^ not found in this scope
[INFO] [stdout] 
[INFO] [stdout] 
[INFO] [stdout] error[E0425]: cannot find function, tuple struct or tuple variant `EnumWindows` in this scope
[INFO] [stdout]   --> src/main.rs:61:9
[INFO] [stdout]    |
[INFO] [stdout] 61 |         EnumWindows(Some(enum_proc), &mut enum_param as *mut _ as LPARAM);
[INFO] [stdout]    |         ^^^^^^^^^^^ not found in this scope
[INFO] [stdout] 
[INFO] [stdout] 
[INFO] [stdout] error[E0425]: cannot find function, tuple struct or tuple variant `EnumWindows` in this scope
[INFO] [stdout]   --> src/main.rs:61:9
[INFO] [stdout]    |
[INFO] [stdout] 61 |         EnumWindows(Some(enum_proc), &mut enum_param as *mut _ as LPARAM);
[INFO] [stdout]    |         ^^^^^^^^^^^ not found in this scope
[INFO] [stdout] 
[INFO] [stdout] 
[INFO] [stdout] error[E0425]: cannot find function, tuple struct or tuple variant `GetWindowRect` in this scope
[INFO] [stdout]   --> src/main.rs:69:9
[INFO] [stdout]    |
[INFO] [stdout] 69 |         GetWindowRect(hwnd, &mut rect);
[INFO] [stdout]    |         ^^^^^^^^^^^^^ not found in this scope
[INFO] [stdout] 
[INFO] [stdout] 
[INFO] [stdout] error[E0425]: cannot find function, tuple struct or tuple variant `GetWindowRect` in this scope
[INFO] [stdout]   --> src/main.rs:69:9
[INFO] [stdout]    |
[INFO] [stdout] 69 |         GetWindowRect(hwnd, &mut rect);
[INFO] [stdout]    |         ^^^^^^^^^^^^^ not found in this scope
[INFO] [stdout] 
[INFO] [stdout] 
[INFO] [stdout] error: aborting due to 18 previous errors
[INFO] [stdout] 
[INFO] [stdout] 
[INFO] [stdout] Some errors have detailed explanations: E0412, E0425, E0432, E0433.
[INFO] [stdout] 
[INFO] [stdout] For more information about an error, try `rustc --explain E0412`.
[INFO] [stdout] 
[INFO] [stdout] error: aborting due to 18 previous errors
[INFO] [stdout] 
[INFO] [stdout] 
[INFO] [stdout] Some errors have detailed explanations: E0412, E0425, E0432, E0433.
[INFO] [stdout] 
[INFO] [stdout] For more information about an error, try `rustc --explain E0412`.
[INFO] [stdout] 
[INFO] [stderr] error: could not compile `wotb` (bin "wotb" test) due to 19 previous errors
[INFO] [stderr] warning: build failed, waiting for other jobs to finish...
[INFO] [stderr] error: could not compile `wotb` (bin "wotb") due to 19 previous errors
[INFO] running `Command { std: "docker" "inspect" "a997f7723990fedc6b741e2b26d2ab513eae992a95b5ce9911551ab309932e1f", kill_on_drop: false }`
[INFO] running `Command { std: "docker" "rm" "-f" "a997f7723990fedc6b741e2b26d2ab513eae992a95b5ce9911551ab309932e1f", kill_on_drop: false }`
[INFO] [stdout] a997f7723990fedc6b741e2b26d2ab513eae992a95b5ce9911551ab309932e1f
